+ 1523*n - 1524. Calculate o(1).
-2
Let j(c) = c**3 + 32*c**2 + 68*c + 122. What is j(-30)?
-118
Let h(u) = 3*u**2 + 22*u - 67. What is h(3)?
26
Let f(m) = -m**2 - 9*m + 853. Determine f(-22).
567
Let d(f) = -12*f**3 - 45*f**2 + 10*f + 6. Give d(-4).
14
Let k(n) = n**2 - 11*n - 66. Calculate k(17).
36
Let v(q) = -219*q + 12480. Calculate v(57).
-3
Let a(b) = -b**3 + 2*b**2 + 11*b + 94. What is a(0)?
94
Let c(w) = 585*w - 346. Give c(1).
239
Let q(r) = 9*r. Determine q(-2).
-18
Let v(l) = -169*l - 999. Determine v(-6).
15
Let f(z) = -5*z**3 - 3*z**2 + 3*z - 37. Determine f(-6).
917
Let n(x) = -30*x**3 + x**2 + 30*x + 54. Calculate n(0).
54
Let y(t) = -411*t - 6171. Calculate y(-15).
-6
Let w(s) = 3*s**3 - 58*s**2 - 107*s + 52. Give w(21).
10
Let x(y) = 34*y + 141. Calculate x(-5).
-29
Let p(d) = -d**3 - 15*d**2 + 9*d. Calculate p(-16).
112
Let c(u) = -u**3 + 59*u**2 + 79*u - 1136. Give c(60).
4
Let w(z) = 2*z**3 + 36*z**2 + 3*z + 58. Give w(-18).
4
Let h(f) = 45*f + 47. Give h(-1).
2
Let z(f) = f**2 - f - 4. Give z(-2).
2
Let w(r) = 12*r - 61. Determine w(8).
35
Let s(l) = 5*l**2 - 60*l - 1091. Calculate s(-10).
9
Let r(i) = -57*i - 202. Determine r(-5).
83
Let p(q) = -3*q**2 - 86*q - 484. Give p(-21).
-1
Let p(z) = 7834*z - 78332. Calculate p(10).
8
Let m(v) = -21*v - 795. Calculate m(-49).
234
Let g(h) = 108*h - 1042. Determine g(19).
1010
Let d(y) = 5*y**2 - 300*y + 1365. Determine d(5).
-10
Let k(p) = -293*p + 3390. What is k(11)?
167
Let w(m) = -m**3 + 4*m**2 - 17*m - 28. Calculate w(-3).
86
Let f(x) = 2*x**3 - 10*x**2 + 6*x + 13. Calculate f(4).
5
Let s(q) = 34*q**2 + 460*q - 460. Give s(1).
34
Let k(i) = -20*i - 203. Determine k(-11).
17
Let t(f) = f**3 + 61*f**2 - 64*f - 113. Give t(-62).
11
Let q(x) = -5*x**2 - 536*x + 434. Give q(-108).
2
Let u(g) = g**3 + 9*g**2 - 93*g - 36. What is u(-15)?
9
Let j(b) = -b**3 + 32*b**2 - 151*b - 212. What is j(7)?
-44
Let s(c) = -2*c**2 - 995*c - 23631. Determine s(-25).
-6
Let b(x) = 31*x + 73. Determine b(9).
352
Let q(m) = 156*m + 91. Calculate q(-2).
-221
Let k(h) = 2*h**3 + 38*h**2 - 357*h - 7075. Determine k(-18).
-1
Let w(k) = 2*k**2 + 222*k + 3357. Calculate w(-18).
9
Let n(s) = -s**3 - 3*s**2 - 22*s - 225. Determine n(-6).
15
Let h(c) = -11*c**2 - 156*c - 156. What is h(-1)?
-11
Let i(d) = -9*d - 3. Calculate i(18).
-165
Let i(o) = -106*o - 2971. Give i(-28).
-3
Let a(f) = -f**3 + f**2 + 6*f - 14. Calculate a(-7).
336
Let n(p) = -p**2 - 34*p - 130. Calculate n(-5).
15
Let g(b) = -2*b**3 - 57*b**2 + 34*b - 4. Determine g(-29).
-149
Let o(v) = -v**3 - 33*v**2 - 69*v - 97. Give o(-31).
120
Let d(t) = -t**3 - 34*t**2 - 38*t - 290. Determine d(-33).
-125
Let k(j) = j**3 + 36*j**2 + 11*j + 373. What is k(-36)?
-23
Let y(a) = -2*a**3 + 114*a**2 - 3*a + 186. What is y(57)?
15
Let s(u) = 3*u**2 - 42*u - 79. What is s(15)?
-34
Let j(h) = -21*h**2 + 3391*h - 1612. Determine j(161).
-2
Let t(m) = -m**3 - 19*m**2 + 74*m + 122. Determine t(-22).
-54
Let r(s) = -58*s + 169. Calculate r(5).
-121
Let a(f) = -f**3 - 50*f**2 - 233*f - 116. Determine a(-45).
244
Let t(r) = 3*r**2 + 2305*r - 11611. Calculate t(5).
-11
Let i(y) = -37*y**3 + 148*y**2 - 3*y + 15. What is i(4)?
3
Let s(y) = 24*y - 41. Give s(6).
103
Let p(s) = -4377*s + 21892. What is p(5)?
7
Let u(d) = -d**3 - 8*d**2 + 33*d + 17. What is u(-14)?
731
Let d(n) = 8*n**2 - 44*n - 231. Calculate d(9).
21
Let p(f) = -3*f**2 - 31*f + 150. Determine p(4).
-22
Let x(l) = -168*l - 2859. Calculate x(-17).
-3
Let v(d) = -106*d - 617. Give v(-6).
19
Let h(j) = 36*j + 2797. Calculate h(-71).
241
Let l(d) = -9*d + 342. Calculate l(35).
27
Let h(z) = 4*z**2 + 36*z + 25. Determine h(-9).
25
Let d(s) = s**3 + 26*s**2 - 361*s + 35. Determine d(-36).
71
Let h(v) = 20*v + 1407. Determine h(-64).
127
Let y(d) = 43*d**3 + 86*d**2 - 11*d - 9. Calculate y(-2).
13
Let w(q) = q**2 - 35*q + 155. What is w(29)?
-19
Let l(y) = -4*y**2 - 75*y + 630. Determine l(-25).
5
Let b(v) = v**3 + 11*v**2 + 32*v + 67. Calculate b(-9).
-59
Let n(f) = 2*f**3 - 4*f. What is n(-3)?
-42
Let m(h) = -196*h**2 + 4504*h + 80. Calculate m(23).
-12
Let j(b) = 381*b + 2247. What is j(-6)?
-39
Let p(q) = -81*q + 699. Give p(10).
-111
Let i(a) = -6*a**2 - 294*a - 2795. Determine i(-36).
13
Let f(g) = 4*g**2 + 73*g - 159. Calculate f(-20).
-19
Let x(i) = 3314*i - 69598. What is x(21)?
-4
Let s(n) = n**3 - 59*n**2 - 784*n + 974. Give s(70).
-6
Let q(m) = m**3 + 36*m**2 + 57*m - 369. Determine q(-34).
5
Let b(u) = -43*u - 695. Calculate b(-16).
-7
Let u(t) = 2*t**3 + 123*t**2 + 56*t - 308. What is u(-61)?
-3
Let k(y) = -123*y - 5. What is k(-2)?
241
Let q(s) = -s**3 + 114*s**2 - 162*s - 6955. Calculate q(112).
-11
Let f(z) = -z**3 + 11*z**2 + 17. Give f(8).
209
Let p(t) = -24*t + 176. Give p(9).
-40
Let u(s) = -5*s**2 - 65*s + 68. What is u(-14)?
-2
Let j(b) = -186*b - 5579. Calculate j(-30).
1
Let o(s) = -285*s - 372. Determine o(-2).
198
Let r(f) = -6*f**2 + 417*f + 633. What is r(71)?
-6
Let y(f) = f**2 - 38*f + 230. Determine y(31).
13
Let z(p) = 1853*p - 9360. Calculate z(5).
-95
Let c(j) = j**3 - 30*j**2 + 76*j - 104. Calculate c(27).
-239
Let v(s) = -2*s**2 - 21*s - 100. What is v(-10)?
-90
Let j(g) = -5*g**3 + 3*g**2 + 24*g + 185. Give j(-6).
1229
Let g(t) = 2*t**3 + 23*t**2 + 51*t + 567. What is g(-12)?
-189
Let o(l) = 293*l + 5005. Determine o(-17).
24
Let f(t) = t**2 + 21*t + 28. Calculate f(-11).
-82
Let k(v) = v**2 + 13*v + 26. Give k(7).
166
Let g(p) = p**2 + 732*p - 8906. Determine g(12).
22
Let q(w) = 1444*w - 1446. Give q(1).
-2
Let r(m) = 2*m**3 + 73*m**2 - 407*m - 26. Calculate r(5).
14
Let c(n) = n**2 + 63*n + 250. Give c(-47).
-502
Let h(i) = -i**2 + 46*i - 420. Determine h(34).
-12
Let b(a) = -a**3 + 27*a**2 + 58*a + 103. Determine b(29).
103
Let u(x) = 2*x**2 - 31*x - 222. Calculate u(21).
9
Let w(r) = -127*r**2 + 20*r. Give w(-3).
-1203
Let p(v) = -v**3 + 88*v**2 + 188*v - 668. Give p(90).
52
Let x(w) = 79*w + 636. What is x(-8)?
4
Let f(b) = -b**3 + 22*b**2 - 100*b + 26. Determine f(6).
2
Let q(i) = 3*i**3 - 3*i**2 - 11*i + 39. What is q(-6)?
-651
Let w(x) = -3*x**2 + 890*x + 12081. Calculate w(-13).
4
Let i(h) = 2*h**2 - 139*h + 2025. Calculate i(21).
-12
Let l(d) = -23*d**2 - 9*d - 5. What is l(-2)?
-79
Let o(t) = 145*t - 12314. Calculate o(85).
11
Let d(y) = 131*y**2 + 476*y + 21. What is d(-4)?
213
Let y(k) = 3*k**2 - 11*k + 20. Determine y(2).
10
Let g(y) = 5*y**2 - 39*y + 339. Give g(17).
1121
Let r(n) = 373*n - 1106. Give r(3).
13
Let y(f) = 18*f**2 - 65*f - 5. Calculate y(0).
-5
Let n(u) = 123*u - 2747. Calculate n(24).
205
Let s(d) = -12*d - 85. Determine s(-24).
203
Let s(b) = 283*b - 15866. Give s(56).
-18
Let h(x) = x**3 + 21*x**2 + 113*x + 118. What is h(-13)?
1
Let h(l) = -10*l**2 + 549*l + 54. Determine h(55).
-1
Let w(f) = -151*f + 1505. Give w(10).
-5
Let w(s) = -2*s**3 - 50*s**2 - 87*s + 383. Give w(2).
-7
Let g(i) = 53*i + 288. Determine g(-10).
-242
Let w(v) = 4*v**3 + 4*v**2 + 6*v - 34. Give w(3).
128
Let n(h) = -12*h**3 - 217*h**2 - 15*h + 50. Determine n(-18).
-4
Let m(y) = -113*y - 1038. What is m(-8)?
-134
Let w(u) = u**3 - u**2 + 119*u - 44. Calculate w(0).
-44
Let t(f) = -f**3 + 62*f**2 + 1248*f + 3. Give t(-16).
3
Let t(w) = -91*w + 2228. Determine t(24).
44
Let m(h) = h**2 - 64*h + 300. Calculate m(42).
-624
Let c(d) = -d**2 - 38*d + 195. Give c(4).
27
Let i(a) = 10*a**2 + a - 41. Determine i(0).
-41
Let r(o) = 2*o**2 - 283*o + 9953. Give r(75).
-22
Let b(d) = 72*d - 793. Determine b(11).
-1
Let d(v) = 6*v**2 + 54*v - 32. Determine d(-9).
-32
Let m(h) = -298*h - 13. Give m(-1).
285
Let u(s) = -57*s**3 - 4*s**2 + 3*s + 1. Calculate u(1).
-57
Let a(y) = -25*y**2 - 15*y - 2. What is a(3)?
-272
Let w(r) = -10*r**3 + 3*r**2 + 20*r - 42. Determine w(2).
-70
Let f(i) = i**3 - 13*i**2 - 10*i - 6. Calculate f(14).
50
Let s(b) = 2*b**2 - 22*b + 83. What is s(10)?
63
Let c(l) = -15*l + 234. Give c(8).
114
Let f(k) = 355*k**3 - 3*k**2 + 3*k. Give f(1).
355
Let d(p) = p**2 - 103*p + 2175. Determine d(73).
-15
Let p(j) = 722*j + 2128. Determine p(-3).
-38
Let a(m) = 19*m**2 - 699*m - 172. What is a(37)?
-24
Let a(z) = 2*z**3 + 8*z**2 - 336*z - 93. What is a(-15)?
-3
Let b(w) = 3399*w + 27193. Calculate b(-8).
1
Let j(z) = -z**3 + 4*z**2 + 20*z - 92. Give j(5).
-